{"id":2450,"date":"2021-10-27T13:09:27","date_gmt":"2021-10-27T13:09:27","guid":{"rendered":"https:\/\/wp.themedemo.org\/WCM07\/WCM070151\/?page_id=2450"},"modified":"2023-02-17T13:37:08","modified_gmt":"2023-02-17T19:37:08","slug":"contact-us","status":"publish","type":"page","link":"https:\/\/jlbycompania.com\/portal2023\/contact-us\/","title":{"rendered":"Contact Us"},"content":{"rendered":"\t\t<div data-elementor-type=\"wp-page\" data-elementor-id=\"2450\" class=\"elementor elementor-2450\">\n\t\t\t\t\t\t<div class=\"elementor-section elementor-top-section elementor-element elementor-element-dd67879 elementor-section-boxed elementor-section-height-default elementor-section-height-default\" data-id=\"dd67879\" data-element_type=\"section\" data-e-type=\"section\">\n\t\t\t\t\t\t<div class=\"elementor-container elementor-column-gap-default\">\n\t\t\t\t\t<div class=\"elementor-column elementor-col-100 elementor-top-column elementor-element elementor-element-eb56838\" data-id=\"eb56838\" data-element_type=\"column\" data-e-type=\"column\">\n\t\t\t<div class=\"elementor-widget-wrap elementor-element-populated\">\n\t\t\t\t\t\t<div class=\"elementor-section elementor-inner-section elementor-element elementor-element-cce3a03 elementor-section-boxed elementor-section-height-default elementor-section-height-default\" data-id=\"cce3a03\" data-element_type=\"section\" data-e-type=\"section\">\n\t\t\t\t\t\t<div class=\"elementor-container elementor-column-gap-default\">\n\t\t\t\t\t<div class=\"elementor-column elementor-col-50 elementor-inner-column elementor-element elementor-element-8e09256\" data-id=\"8e09256\" data-element_type=\"column\" data-e-type=\"column\" data-settings=\"{&quot;background_background&quot;:&quot;classic&quot;}\">\n\t\t\t<div class=\"elementor-widget-wrap elementor-element-populated\">\n\t\t\t\t\t\t<div class=\"elementor-element elementor-element-cc126f0 elementor-widget elementor-widget-heading\" data-id=\"cc126f0\" data-element_type=\"widget\" data-e-type=\"widget\" data-widget_type=\"heading.default\">\n\t\t\t\t<div class=\"elementor-widget-container\">\n\t\t\t\t\t<span class=\"elementor-heading-title elementor-size-default\">Para informaci\u00f3n sobre contrataciones, por favor llene todos los campos.<\/span>\t\t\t\t<\/div>\n\t\t\t\t<\/div>\n\t\t\t\t<div class=\"elementor-element elementor-element-8696d7c elementor-widget elementor-widget-shortcode\" data-id=\"8696d7c\" data-element_type=\"widget\" data-e-type=\"widget\" data-widget_type=\"shortcode.default\">\n\t\t\t\t<div class=\"elementor-widget-container\">\n\t\t\t\t\t\t\t<div class=\"elementor-shortcode\">\n<div class=\"wpcf7 no-js\" id=\"wpcf7-f11-o1\" lang=\"es-ES\" dir=\"ltr\" data-wpcf7-id=\"11\">\n<div class=\"screen-reader-response\"><p role=\"status\" aria-live=\"polite\" aria-atomic=\"true\"><\/p> <ul><\/ul><\/div>\n<form action=\"\/portal2023\/wp-json\/wp\/v2\/pages\/2450#wpcf7-f11-o1\" method=\"post\" class=\"wpcf7-form init\" aria-label=\"Formulario de contacto\" novalidate=\"novalidate\" data-status=\"init\">\n<fieldset class=\"hidden-fields-container\"><input type=\"hidden\" name=\"_wpcf7\" value=\"11\" \/><input type=\"hidden\" name=\"_wpcf7_version\" value=\"6.1.5\" \/><input type=\"hidden\" name=\"_wpcf7_locale\" value=\"es_ES\" \/><input type=\"hidden\" name=\"_wpcf7_unit_tag\" value=\"wpcf7-f11-o1\" \/><input type=\"hidden\" name=\"_wpcf7_container_post\" value=\"0\" \/><input type=\"hidden\" name=\"_wpcf7_posted_data_hash\" value=\"\" \/><input type=\"hidden\" name=\"_wpcf7_recaptcha_response\" value=\"\" \/>\n<\/fieldset>\n<p><label> Nombre y apellido*<br \/>\n<span class=\"wpcf7-form-control-wrap\" data-name=\"yourname\"><input size=\"40\" maxlength=\"400\" class=\"wpcf7-form-control wpcf7-text wpcf7-validates-as-required\" aria-required=\"true\" aria-invalid=\"false\" value=\"\" type=\"text\" name=\"yourname\" \/><\/span> <\/label>\n<\/p>\n<p><label> Ciudad de donde nos escribes<br \/>\n<span class=\"wpcf7-form-control-wrap\" data-name=\"yourfrom\"><input size=\"40\" maxlength=\"400\" class=\"wpcf7-form-control wpcf7-text wpcf7-validates-as-required\" aria-required=\"true\" aria-invalid=\"false\" value=\"\" type=\"text\" name=\"yourfrom\" \/><\/span> <\/label>\n<\/p>\n<p><label> Email*<br \/>\n<span class=\"wpcf7-form-control-wrap\" data-name=\"youremail\"><input size=\"40\" maxlength=\"400\" class=\"wpcf7-form-control wpcf7-email wpcf7-validates-as-required wpcf7-text wpcf7-validates-as-email\" aria-required=\"true\" aria-invalid=\"false\" value=\"\" type=\"email\" name=\"youremail\" \/><\/span> <\/label>\n<\/p>\n<p><label> Tel\u00e9fono*<br \/>\n<span class=\"wpcf7-form-control-wrap\" data-name=\"yourtel\"><input size=\"40\" maxlength=\"400\" class=\"wpcf7-form-control wpcf7-tel wpcf7-validates-as-required wpcf7-text wpcf7-validates-as-tel\" aria-required=\"true\" aria-invalid=\"false\" value=\"\" type=\"tel\" name=\"yourtel\" \/><\/span> <\/label>\n<\/p>\n<p><label> Tipo de evento* (Boda, XV a\u00f1os, Posada, Graduaci\u00f3n, Baile, etc.)<br \/>\n<span class=\"wpcf7-form-control-wrap\" data-name=\"event\"><input size=\"40\" maxlength=\"400\" class=\"wpcf7-form-control wpcf7-text wpcf7-validates-as-required\" aria-required=\"true\" aria-invalid=\"false\" value=\"\" type=\"text\" name=\"event\" \/><\/span> <\/label>\n<\/p>\n<p><label> Fecha del evento*<br \/>\n<span class=\"wpcf7-form-control-wrap\" data-name=\"date-event\"><input class=\"wpcf7-form-control wpcf7-date wpcf7-validates-as-required wpcf7-validates-as-date\" aria-required=\"true\" aria-invalid=\"false\" value=\"\" type=\"date\" name=\"date-event\" \/><\/span> <\/label>\n<\/p>\n<p><label> Ciudad y Estado del evento*<br \/>\n<span class=\"wpcf7-form-control-wrap\" data-name=\"event-city\"><input size=\"40\" maxlength=\"400\" class=\"wpcf7-form-control wpcf7-text wpcf7-validates-as-required\" aria-required=\"true\" aria-invalid=\"false\" value=\"\" type=\"text\" name=\"event-city\" \/><\/span> <\/label>\n<\/p>\n<p><label> Mensaje* (Este campo es opcional)<br \/>\n<span class=\"wpcf7-form-control-wrap\" data-name=\"mensaje\"><input size=\"40\" maxlength=\"400\" class=\"wpcf7-form-control wpcf7-text\" aria-invalid=\"false\" value=\"\" type=\"text\" name=\"mensaje\" \/><\/span> <\/label>\n<\/p>\n<p><input class=\"wpcf7-form-control wpcf7-submit has-spinner\" type=\"submit\" value=\"Enviar\" \/>\n<\/p><div class=\"wpcf7-response-output\" aria-hidden=\"true\"><\/div>\n<\/form>\n<\/div>\n<\/div>\n\t\t\t\t\t\t<\/div>\n\t\t\t\t<\/div>\n\t\t\t\t\t<\/div>\n\t\t<\/div>\n\t\t\t\t<div class=\"elementor-column elementor-col-50 elementor-inner-column elementor-element elementor-element-a0793ab\" data-id=\"a0793ab\" data-element_type=\"column\" data-e-type=\"column\">\n\t\t\t<div class=\"elementor-widget-wrap elementor-element-populated\">\n\t\t\t\t\t\t<div class=\"elementor-element elementor-element-2e887da elementor-widget elementor-widget-heading\" data-id=\"2e887da\" data-element_type=\"widget\" data-e-type=\"widget\" data-widget_type=\"heading.default\">\n\t\t\t\t<div class=\"elementor-widget-container\">\n\t\t\t\t\t<span class=\"elementor-heading-title elementor-size-default\">Contrataciones<\/span>\t\t\t\t<\/div>\n\t\t\t\t<\/div>\n\t\t\t\t<div class=\"elementor-element elementor-element-291ceda elementor-widget elementor-widget-heading\" data-id=\"291ceda\" data-element_type=\"widget\" data-e-type=\"widget\" data-widget_type=\"heading.default\">\n\t\t\t\t<div class=\"elementor-widget-container\">\n\t\t\t\t\t<h2 class=\"elementor-heading-title elementor-size-default\">Cont\u00e1ctanos<\/h2>\t\t\t\t<\/div>\n\t\t\t\t<\/div>\n\t\t\t\t<div class=\"elementor-element elementor-element-405aece elementor-position-inline-start elementor-view-default elementor-mobile-position-block-start elementor-widget elementor-widget-icon-box\" data-id=\"405aece\" data-element_type=\"widget\" data-e-type=\"widget\" data-widget_type=\"icon-box.default\">\n\t\t\t\t<div class=\"elementor-widget-container\">\n\t\t\t\t\t\t\t<div class=\"elementor-icon-box-wrapper\">\n\n\t\t\t\t\t\t<div class=\"elementor-icon-box-icon\">\n\t\t\t\t<span  class=\"elementor-icon\">\n\t\t\t\t<svg xmlns=\"http:\/\/www.w3.org\/2000\/svg\" xmlns:xlink=\"http:\/\/www.w3.org\/1999\/xlink\" height=\"512px\" id=\"Layer_1\" style=\"enable-background:new 0 0 512 512;\" viewBox=\"0 0 512 512\" width=\"512px\" xml:space=\"preserve\"><g><path d=\"M256,32c-74,0-134.2,58.7-134.2,132.7c0,16.4,3.5,34.3,9.8,50.4l-0.1,0l0.6,1.2c0.5,1.1,1,2.2,1.5,3.3L256,480l121.8-259.1   l0.6-1.2c0.5-1.1,1.1-2.2,1.6-3.4l0.4-1.1c6.5-16.1,9.8-33.1,9.8-50.3C390.2,90.7,330,32,256,32z M256,206.9   c-25.9,0-46.9-21-46.9-46.9c0-25.9,21-46.9,46.9-46.9c25.9,0,46.9,21,46.9,46.9C302.9,185.9,281.9,206.9,256,206.9z\"><\/path><\/g><\/svg>\t\t\t\t<\/span>\n\t\t\t<\/div>\n\t\t\t\n\t\t\t\t\t\t<div class=\"elementor-icon-box-content\">\n\n\t\t\t\t\t\t\t\t\t<h5 class=\"elementor-icon-box-title\">\n\t\t\t\t\t\t<span  >\n\t\t\t\t\t\t\tAddress Info\t\t\t\t\t\t<\/span>\n\t\t\t\t\t<\/h5>\n\t\t\t\t\n\t\t\t\t\t\t\t\t\t<p class=\"elementor-icon-box-description\">\n\t\t\t\t\t\tLerdo de Tejada #418 B<br>\n Colonia Tabachines<br>\nSan Nicol\u00e1s de los Garza, Nuevo Le\u00f3n.\t\t\t\t\t<\/p>\n\t\t\t\t\n\t\t\t<\/div>\n\t\t\t\n\t\t<\/div>\n\t\t\t\t\t\t<\/div>\n\t\t\t\t<\/div>\n\t\t\t\t<div class=\"elementor-element elementor-element-7fa9dfe elementor-position-inline-start elementor-view-default elementor-mobile-position-block-start elementor-widget elementor-widget-icon-box\" data-id=\"7fa9dfe\" data-element_type=\"widget\" data-e-type=\"widget\" data-widget_type=\"icon-box.default\">\n\t\t\t\t<div class=\"elementor-widget-container\">\n\t\t\t\t\t\t\t<div class=\"elementor-icon-box-wrapper\">\n\n\t\t\t\t\t\t<div class=\"elementor-icon-box-icon\">\n\t\t\t\t<span  class=\"elementor-icon\">\n\t\t\t\t<svg xmlns=\"http:\/\/www.w3.org\/2000\/svg\" viewBox=\"0 0 512 512\"><path d=\"M256 512C114.6 512 0 397.4 0 256C0 114.6 114.6 0 256 0C397.4 0 512 114.6 512 256C512 397.4 397.4 512 256 512zM232 256C232 264 236 271.5 242.7 275.1L338.7 339.1C349.7 347.3 364.6 344.3 371.1 333.3C379.3 322.3 376.3 307.4 365.3 300L280 243.2V120C280 106.7 269.3 96 255.1 96C242.7 96 231.1 106.7 231.1 120L232 256z\"><\/path><\/svg>\t\t\t\t<\/span>\n\t\t\t<\/div>\n\t\t\t\n\t\t\t\t\t\t<div class=\"elementor-icon-box-content\">\n\n\t\t\t\t\t\t\t\t\t<h5 class=\"elementor-icon-box-title\">\n\t\t\t\t\t\t<span  >\n\t\t\t\t\t\t\tContact Info\t\t\t\t\t\t<\/span>\n\t\t\t\t\t<\/h5>\n\t\t\t\t\n\t\t\t\t\t\t\t\t\t<p class=\"elementor-icon-box-description\">\n\t\t\t\t\t\t(+52) 818 352 3568<br>\t\t\t\t\t<\/p>\n\t\t\t\t\n\t\t\t<\/div>\n\t\t\t\n\t\t<\/div>\n\t\t\t\t\t\t<\/div>\n\t\t\t\t<\/div>\n\t\t\t\t<div class=\"elementor-element elementor-element-d8d7fb4 elementor-position-inline-start elementor-view-default elementor-mobile-position-block-start elementor-widget elementor-widget-icon-box\" data-id=\"d8d7fb4\" data-element_type=\"widget\" data-e-type=\"widget\" data-widget_type=\"icon-box.default\">\n\t\t\t\t<div class=\"elementor-widget-container\">\n\t\t\t\t\t\t\t<div class=\"elementor-icon-box-wrapper\">\n\n\t\t\t\t\t\t<div class=\"elementor-icon-box-icon\">\n\t\t\t\t<span  class=\"elementor-icon\">\n\t\t\t\t<svg xmlns=\"http:\/\/www.w3.org\/2000\/svg\" xmlns:xlink=\"http:\/\/www.w3.org\/1999\/xlink\" height=\"139px\" id=\"Phone\" viewBox=\"0 0 139 139\" width=\"139px\" xml:space=\"preserve\"><path d=\"M67.317,81.952c-9.284-7.634-15.483-17.054-18.742-22.414l-2.431-4.583c0.85-0.912,7.332-7.853,10.141-11.619  c3.53-4.729-1.588-9-1.588-9S40.296,19.933,37.014,17.076c-3.282-2.861-7.06-1.272-7.06-1.272  c-6.898,4.457-14.049,8.332-14.478,26.968C15.46,60.22,28.705,78.216,43.028,92.148c14.346,15.734,34.043,31.504,53.086,31.486  c18.634-0.425,22.508-7.575,26.965-14.473c0,0,1.59-3.775-1.268-7.06c-2.86-3.284-17.265-17.688-17.265-17.688  s-4.268-5.119-8.998-1.586c-3.525,2.635-9.855,8.496-11.38,9.917C84.171,92.749,73.582,87.104,67.317,81.952z\"><\/path><\/svg>\t\t\t\t<\/span>\n\t\t\t<\/div>\n\t\t\t\n\t\t\t\t\t\t<div class=\"elementor-icon-box-content\">\n\n\t\t\t\t\t\t\t\t\t<h5 class=\"elementor-icon-box-title\">\n\t\t\t\t\t\t<span  >\n\t\t\t\t\t\t\tWorking Hours\t\t\t\t\t\t<\/span>\n\t\t\t\t\t<\/h5>\n\t\t\t\t\n\t\t\t\t\t\t\t\t\t<p class=\"elementor-icon-box-description\">\n\t\t\t\t\t\tOpen: 10:00AM \u2013 Close: 18:00PM<br \/>\nSaturday \u2013 Sunday: Close\t\t\t\t\t<\/p>\n\t\t\t\t\n\t\t\t<\/div>\n\t\t\t\n\t\t<\/div>\n\t\t\t\t\t\t<\/div>\n\t\t\t\t<\/div>\n\t\t\t\t\t<\/div>\n\t\t<\/div>\n\t\t\t\t\t<\/div>\n\t\t<\/div>\n\t\t\t\t\t<\/div>\n\t\t<\/div>\n\t\t\t\t\t<\/div>\n\t\t<\/div>\n\t\t\t\t<div class=\"elementor-section elementor-top-section elementor-element elementor-element-270e0d3 elementor-section-full_width elementor-section-stretched elementor-section-height-default elementor-section-height-default\" data-id=\"270e0d3\" data-element_type=\"section\" data-e-type=\"section\" data-settings=\"{&quot;stretch_section&quot;:&quot;section-stretched&quot;}\">\n\t\t\t\t\t\t<div class=\"elementor-container elementor-column-gap-default\">\n\t\t\t\t\t<div class=\"elementor-column elementor-col-100 elementor-top-column elementor-element elementor-element-9f93685\" data-id=\"9f93685\" data-element_type=\"column\" data-e-type=\"column\">\n\t\t\t<div class=\"elementor-widget-wrap elementor-element-populated\">\n\t\t\t\t\t\t<div class=\"elementor-element elementor-element-cc2b167 elementor-widget elementor-widget-google_maps\" data-id=\"cc2b167\" data-element_type=\"widget\" data-e-type=\"widget\" data-widget_type=\"google_maps.default\">\n\t\t\t\t<div class=\"elementor-widget-container\">\n\t\t\t\t\t\t\t<div class=\"elementor-custom-embed\">\n\t\t\t<iframe loading=\"lazy\"\n\t\t\t\t\tsrc=\"https:\/\/maps.google.com\/maps?q=Lerdo%20de%20Tejada%20418%2C%20Tabachines&#038;t=m&#038;z=12&#038;output=embed&#038;iwloc=near\"\n\t\t\t\t\ttitle=\"Lerdo de Tejada 418, Tabachines\"\n\t\t\t\t\taria-label=\"Lerdo de Tejada 418, Tabachines\"\n\t\t\t><\/iframe>\n\t\t<\/div>\n\t\t\t\t\t\t<\/div>\n\t\t\t\t<\/div>\n\t\t\t\t\t<\/div>\n\t\t<\/div>\n\t\t\t\t\t<\/div>\n\t\t<\/div>\n\t\t\t\t<\/div>\n\t\t","protected":false},"excerpt":{"rendered":"<p>Para informaci\u00f3n sobre contrataciones, por favor llene todos los campos. Contrataciones Cont\u00e1ctanos Address Info Lerdo de Tejada #418 B Colonia Tabachines San Nicol\u00e1s de los Garza, Nuevo Le\u00f3n. Contact Info (+52) 818 352 3568 Working Hours Open: 10:00AM \u2013 Close: 18:00PM Saturday \u2013 Sunday: Close<\/p>\n","protected":false},"author":1,"featured_media":0,"parent":0,"menu_order":0,"comment_status":"closed","ping_status":"closed","template":"","meta":{"_monsterinsights_skip_tracking":false,"_monsterinsights_sitenote_active":false,"_monsterinsights_sitenote_note":"","_monsterinsights_sitenote_category":0,"_tbt_post_transparent":"","_tbt_post_title":"","_tbt_post_layout":"normal","_tbt_post_sidebar_id":"","_tbt_post_content_style":"","_tbt_post_vertical_padding":"","_tbt_post_feature":"","_tbt_post_feature_position":"","_tbt_post_header":false,"_tbt_post_footer":false},"class_list":["post-2450","page","type-page","status-publish","hentry"],"yoast_head":"<!-- This site is optimized with the Yoast SEO plugin v27.3 - https:\/\/yoast.com\/product\/yoast-seo-wordpress\/ -->\n<title>Contact Us - JLB y Compa\u00f1\u00eda<\/title>\n<meta name=\"robots\" content=\"index, follow, max-snippet:-1, max-image-preview:large, max-video-preview:-1\" \/>\n<link rel=\"canonical\" href=\"https:\/\/jlbycompania.com\/portal2023\/contact-us\/\" \/>\n<meta property=\"og:locale\" content=\"es_ES\" \/>\n<meta property=\"og:type\" content=\"article\" \/>\n<meta property=\"og:title\" content=\"Contact Us - JLB y Compa\u00f1\u00eda\" \/>\n<meta property=\"og:description\" content=\"Para informaci\u00f3n sobre contrataciones, por favor llene todos los campos. Contrataciones Cont\u00e1ctanos Address Info Lerdo de Tejada #418 B Colonia Tabachines San Nicol\u00e1s de los Garza, Nuevo Le\u00f3n. Contact Info (+52) 818 352 3568 Working Hours Open: 10:00AM \u2013 Close: 18:00PM Saturday \u2013 Sunday: Close\" \/>\n<meta property=\"og:url\" content=\"https:\/\/jlbycompania.com\/portal2023\/contact-us\/\" \/>\n<meta property=\"og:site_name\" content=\"JLB y Compa\u00f1\u00eda\" \/>\n<meta property=\"article:modified_time\" content=\"2023-02-17T19:37:08+00:00\" \/>\n<meta name=\"twitter:card\" content=\"summary_large_image\" \/>\n<meta name=\"twitter:label1\" content=\"Tiempo de lectura\" \/>\n\t<meta name=\"twitter:data1\" content=\"1 minuto\" \/>\n<script type=\"application\/ld+json\" class=\"yoast-schema-graph\">{\"@context\":\"https:\\\/\\\/schema.org\",\"@graph\":[{\"@type\":\"WebPage\",\"@id\":\"https:\\\/\\\/jlbycompania.com\\\/portal2023\\\/contact-us\\\/\",\"url\":\"https:\\\/\\\/jlbycompania.com\\\/portal2023\\\/contact-us\\\/\",\"name\":\"Contact Us - JLB y Compa\u00f1\u00eda\",\"isPartOf\":{\"@id\":\"https:\\\/\\\/jlbycompania.com\\\/portal2023\\\/#website\"},\"datePublished\":\"2021-10-27T13:09:27+00:00\",\"dateModified\":\"2023-02-17T19:37:08+00:00\",\"breadcrumb\":{\"@id\":\"https:\\\/\\\/jlbycompania.com\\\/portal2023\\\/contact-us\\\/#breadcrumb\"},\"inLanguage\":\"es\",\"potentialAction\":[{\"@type\":\"ReadAction\",\"target\":[\"https:\\\/\\\/jlbycompania.com\\\/portal2023\\\/contact-us\\\/\"]}]},{\"@type\":\"BreadcrumbList\",\"@id\":\"https:\\\/\\\/jlbycompania.com\\\/portal2023\\\/contact-us\\\/#breadcrumb\",\"itemListElement\":[{\"@type\":\"ListItem\",\"position\":1,\"name\":\"Portada\",\"item\":\"https:\\\/\\\/jlbycompania.com\\\/portal2023\\\/\"},{\"@type\":\"ListItem\",\"position\":2,\"name\":\"Contact Us\"}]},{\"@type\":\"WebSite\",\"@id\":\"https:\\\/\\\/jlbycompania.com\\\/portal2023\\\/#website\",\"url\":\"https:\\\/\\\/jlbycompania.com\\\/portal2023\\\/\",\"name\":\"JLB y Compa\u00f1\u00eda\",\"description\":\"Inconfundible ritmo que se siente!!!\",\"publisher\":{\"@id\":\"https:\\\/\\\/jlbycompania.com\\\/portal2023\\\/#organization\"},\"potentialAction\":[{\"@type\":\"SearchAction\",\"target\":{\"@type\":\"EntryPoint\",\"urlTemplate\":\"https:\\\/\\\/jlbycompania.com\\\/portal2023\\\/?s={search_term_string}\"},\"query-input\":{\"@type\":\"PropertyValueSpecification\",\"valueRequired\":true,\"valueName\":\"search_term_string\"}}],\"inLanguage\":\"es\"},{\"@type\":\"Organization\",\"@id\":\"https:\\\/\\\/jlbycompania.com\\\/portal2023\\\/#organization\",\"name\":\"JLB y Compa\u00f1\u00eda\",\"url\":\"https:\\\/\\\/jlbycompania.com\\\/portal2023\\\/\",\"logo\":{\"@type\":\"ImageObject\",\"inLanguage\":\"es\",\"@id\":\"https:\\\/\\\/jlbycompania.com\\\/portal2023\\\/#\\\/schema\\\/logo\\\/image\\\/\",\"url\":\"https:\\\/\\\/jlbycompania.com\\\/portal2023\\\/wp-content\\\/uploads\\\/2023\\\/02\\\/cropped-jlb_oro_mini-1.png\",\"contentUrl\":\"https:\\\/\\\/jlbycompania.com\\\/portal2023\\\/wp-content\\\/uploads\\\/2023\\\/02\\\/cropped-jlb_oro_mini-1.png\",\"width\":251,\"height\":141,\"caption\":\"JLB y Compa\u00f1\u00eda\"},\"image\":{\"@id\":\"https:\\\/\\\/jlbycompania.com\\\/portal2023\\\/#\\\/schema\\\/logo\\\/image\\\/\"}}]}<\/script>\n<!-- \/ Yoast SEO plugin. -->","yoast_head_json":{"title":"Contact Us - JLB y Compa\u00f1\u00eda","robots":{"index":"index","follow":"follow","max-snippet":"max-snippet:-1","max-image-preview":"max-image-preview:large","max-video-preview":"max-video-preview:-1"},"canonical":"https:\/\/jlbycompania.com\/portal2023\/contact-us\/","og_locale":"es_ES","og_type":"article","og_title":"Contact Us - JLB y Compa\u00f1\u00eda","og_description":"Para informaci\u00f3n sobre contrataciones, por favor llene todos los campos. Contrataciones Cont\u00e1ctanos Address Info Lerdo de Tejada #418 B Colonia Tabachines San Nicol\u00e1s de los Garza, Nuevo Le\u00f3n. Contact Info (+52) 818 352 3568 Working Hours Open: 10:00AM \u2013 Close: 18:00PM Saturday \u2013 Sunday: Close","og_url":"https:\/\/jlbycompania.com\/portal2023\/contact-us\/","og_site_name":"JLB y Compa\u00f1\u00eda","article_modified_time":"2023-02-17T19:37:08+00:00","twitter_card":"summary_large_image","twitter_misc":{"Tiempo de lectura":"1 minuto"},"schema":{"@context":"https:\/\/schema.org","@graph":[{"@type":"WebPage","@id":"https:\/\/jlbycompania.com\/portal2023\/contact-us\/","url":"https:\/\/jlbycompania.com\/portal2023\/contact-us\/","name":"Contact Us - JLB y Compa\u00f1\u00eda","isPartOf":{"@id":"https:\/\/jlbycompania.com\/portal2023\/#website"},"datePublished":"2021-10-27T13:09:27+00:00","dateModified":"2023-02-17T19:37:08+00:00","breadcrumb":{"@id":"https:\/\/jlbycompania.com\/portal2023\/contact-us\/#breadcrumb"},"inLanguage":"es","potentialAction":[{"@type":"ReadAction","target":["https:\/\/jlbycompania.com\/portal2023\/contact-us\/"]}]},{"@type":"BreadcrumbList","@id":"https:\/\/jlbycompania.com\/portal2023\/contact-us\/#breadcrumb","itemListElement":[{"@type":"ListItem","position":1,"name":"Portada","item":"https:\/\/jlbycompania.com\/portal2023\/"},{"@type":"ListItem","position":2,"name":"Contact Us"}]},{"@type":"WebSite","@id":"https:\/\/jlbycompania.com\/portal2023\/#website","url":"https:\/\/jlbycompania.com\/portal2023\/","name":"JLB y Compa\u00f1\u00eda","description":"Inconfundible ritmo que se siente!!!","publisher":{"@id":"https:\/\/jlbycompania.com\/portal2023\/#organization"},"potentialAction":[{"@type":"SearchAction","target":{"@type":"EntryPoint","urlTemplate":"https:\/\/jlbycompania.com\/portal2023\/?s={search_term_string}"},"query-input":{"@type":"PropertyValueSpecification","valueRequired":true,"valueName":"search_term_string"}}],"inLanguage":"es"},{"@type":"Organization","@id":"https:\/\/jlbycompania.com\/portal2023\/#organization","name":"JLB y Compa\u00f1\u00eda","url":"https:\/\/jlbycompania.com\/portal2023\/","logo":{"@type":"ImageObject","inLanguage":"es","@id":"https:\/\/jlbycompania.com\/portal2023\/#\/schema\/logo\/image\/","url":"https:\/\/jlbycompania.com\/portal2023\/wp-content\/uploads\/2023\/02\/cropped-jlb_oro_mini-1.png","contentUrl":"https:\/\/jlbycompania.com\/portal2023\/wp-content\/uploads\/2023\/02\/cropped-jlb_oro_mini-1.png","width":251,"height":141,"caption":"JLB y Compa\u00f1\u00eda"},"image":{"@id":"https:\/\/jlbycompania.com\/portal2023\/#\/schema\/logo\/image\/"}}]}},"_links":{"self":[{"href":"https:\/\/jlbycompania.com\/portal2023\/wp-json\/wp\/v2\/pages\/2450","targetHints":{"allow":["GET"]}}],"collection":[{"href":"https:\/\/jlbycompania.com\/portal2023\/wp-json\/wp\/v2\/pages"}],"about":[{"href":"https:\/\/jlbycompania.com\/portal2023\/wp-json\/wp\/v2\/types\/page"}],"author":[{"embeddable":true,"href":"https:\/\/jlbycompania.com\/portal2023\/wp-json\/wp\/v2\/users\/1"}],"replies":[{"embeddable":true,"href":"https:\/\/jlbycompania.com\/portal2023\/wp-json\/wp\/v2\/comments?post=2450"}],"version-history":[{"count":12,"href":"https:\/\/jlbycompania.com\/portal2023\/wp-json\/wp\/v2\/pages\/2450\/revisions"}],"predecessor-version":[{"id":11241,"href":"https:\/\/jlbycompania.com\/portal2023\/wp-json\/wp\/v2\/pages\/2450\/revisions\/11241"}],"wp:attachment":[{"href":"https:\/\/jlbycompania.com\/portal2023\/wp-json\/wp\/v2\/media?parent=2450"}],"curies":[{"name":"wp","href":"https:\/\/api.w.org\/{rel}","templated":true}]}}